- 285 = -127*h. Suppose -4*m + 2984 = -k, 3008 = 2*m + 2*m + 5*k. Suppose 3524 = h*a - 2*o, 5*a + m = 3*o + 4268. Is a prime?
False
Is ((-61433380)/(20/(-5)))/(7*(-50)/(-70)) a composite number?
False
Let k(n) be the second derivative of -77*n**3/3 - n**2/2 + 2*n. Suppose -89 = 9*c - 44. Is k(c) composite?
False
Suppose 10*l = 13*l - 24. Suppose -3*x = -l*x + 6560. Suppose 20 = -4*v, 0*v - 5*v + x = f. Is f a prime number?
False
Is 236/590 - 9403614/(-40) - 2/(-8) a composite number?
False
Let l = -646 + 1673. Suppose 2*r + l = -3*t - 297, -4*t + 4*r = 1752. Let a = t + 733. Is a prime?
True
Suppose 11*u = 2*d + 14*u - 13, -d + u = 1. Suppose 4 = -0*p - p, 3221 = 5*a + p. Suppose -129 = -f + d*z, 5*f - 7*z + 2*z = a. Is f prime?
False
Suppose 41384 = -19*z + 16228. Suppose 2*k = 194 - 744. Let w = k - z. Is w composite?
False
Let o(i) = 4348*i**2 - 40*i - 42. Let p be o(-1). Let b(s) = -364*s**3 + 2*s - 1. Let k be b(1). Let h = k + p. Is h prime?
False
Suppose -b = b - 4. Suppose b*p = -3*w - 127, -3*w - 74 = p - 5*w. Is (-82635)/(-17) - (16/p)/2 composite?
False
Is (-3 - 10) + 46759*2 prime?
False
Let r(d) = -d**2 + 29. Let j be r(5). Suppose -9*z + 9110 = -j*z. Is z a composite number?
True
Let m = 48914 + 10019. Is m a prime number?
False
Suppose -24*y + 31*y = 0. Suppose y = -20*g - 33188 + 163888. Is g prime?
False
Suppose -3*r - 4*r = -7. Suppose -r + 1 = 3*s. Suppose s = -25*m + 30*m - 155. Is m a prime number?
True
Let a(l) = -4*l**3 - 6*l**2 - 12*l + 13. Suppose 3*n + 9*n + 48 = 0. Is a(n) a prime number?
False
Let s = -895299 - -1327364. Is s prime?
False
Let u(z) = -z**2 + 21*z - 45. Let x be u(18). Suppose -5*v = -2*b + 586, -4*b = -x*v + 11*v - 1196. Is b a composite number?
True
Let f(p) = -p**3 + 4*p**2 - 5*p + 6. Let m be f(3). Suppose -g - 4 + 8 = m. Suppose c - 5*q - 1691 = -c, g*c - 5*q = 3397. Is c composite?
False
Let p = 49711 - 21692. Is p a prime number?
True
Let a = 4168 + 30. Is (3/(-6)*a)/(-1) prime?
True
Suppose -3*q = h - 2559, 2*q + 5103 = 2*h + 3*q. Suppose -11170 = 12*o + 986. Let n = h + o. Is n a prime number?
False
Let w(n) = 1879*n**2 + 110*n + 29. Is w(-5) a composite number?
True
Let g = -50134 - -83995. Suppose 0 = 19*b - g - 10238. Is b composite?
True
Let d = -4288 + 6786. Is d composite?
True
Let o = 355 - 350. Suppose -3947 = -3*d + o*b, 0 = 3*d + 3*b - 5799 + 1836. Is d composite?
False
Let t be (-678)/(-13) - 14/91. Let g = -147 + t. Let y = 82 - g. Is y a composite number?
True
Let a(o) be the second derivative of 289*o**4/4 + 4*o**3/3 + 43*o**2/2 - 158*o. Is a(-4) prime?
True
Suppose -4*z + 36*x - 31*x + 166 = 0, -5*x = 3*z - 142. Is z/(-2)*4917/(-66) prime?
False
Suppose 0 = 3*l + 4*o - 7*o - 162, -3*l = 3*o - 156. Is l a composite number?
False
Is 7/(98/17000669) + (1/2 - 1) prime?
True
Is (419/(-3771))/(2/(-8014698)) a composite number?
False
Let v = 56256 + -13309. Is v prime?
False
Suppose 11*p - 78355 = -12058. Let z = p - 2872. Is z a composite number?
True
Suppose -2451 - 957 = -8*k. Let f(j) = 614*j**2 - j. Let g be f(1). Let s = g - k. Is s composite?
True
Let v be 16/2 + 5 + -5. Suppose 5933 = v*m - 459. Is m composite?
True
Let t = 1038 + -493. Suppose -t = -2*g + 1593. Is g prime?
True
Let u(o) = -2*o**3 - o**2 - o + 6. Let r be u(-3). Suppose 3*v - 12*v = -r. Suppose 5*a - v*a = -673. Is a a prime number?
True
Let d be 4/(-22) + (-29440)/(-22) + -17. Is -20 + 16 + (2 - 0) + d a composite number?
False
Is (36447 - -16)*(2 + -1) prime?
False
Let a(h) = 214*h + 21. Let n(x) = 5*x - 14. Let r be n(5). Let f be a(r). Suppose 8*s - 9921 - f = 0. Is s prime?
False
Suppose 0 = 3*m + 54 - 60. Let b be (m/(-4))/(6/(-12)). Is b + (-40)/(-6)*279 composite?
False
Is (56223*(-4)/18)/(4/(-38)) a prime number?
False
Suppose 4*c = 52 - 8. Suppose c*j = 2*j - 43497. Let t = 8906 + j. Is t composite?
False
Suppose -15*n - 25808 = -24248. Let z be (0 - 0)/(-1) + 142. Let b = n + z. Is b prime?
False
Is (662930/30)/(10/12*(-46)/(-115)) a prime number?
True
Suppose 7*g - 32297 = -n + 88500, 0 = 2*g + n - 34512. Is g prime?
True
Suppose 0 = -64*m + 67*m - 12. Is (-233909)/(-133) - m/(-14) a composite number?
False
Let x(f) = -2*f**2 + 9*f - 17. Let p be x(15). Let j = p - -885. Is j composite?
True
Suppose 0 = 3*v + 3*a, -2*v + 3*v + 3*a + 8 = 0. Suppose -v*r = 16, -11*z - r + 341 = -8*z. Is z a prime number?
False
Is (-2*27/(-72))/(-4 + 29884953/7471236) prime?
True
Let g = 182 + -179. Let m(k) = 2373*k**3 + k**2 + 9*k - 8. Is m(g) a composite number?
True
Is 688352/1 - (-10 + (6 - -2)) prime?
False
Let x be -10777*((-27)/(-45) + 8/(-5)). Suppose 28*j - 2467 = x. Is j a composite number?
True
Let w = -105442 - -163779. Is w prime?
True
Let j be 3/(9/(-36) - 403/(-1609)). Let d = j - 3390. Is d a composite number?
True
Let y = -14170 - -67217. Is y a composite number?
False
Suppose 3*v - 1296669 = 449*r - 452*r, 0 = -4*r + 3*v + 1728920. Is r composite?
False
Let i = -63157 + 94724. Is i a composite number?
False
Let t(k) be the first derivative of k**3/3 - 17*k**2/2 + 31*k - 15. Let n be t(15). Let v(s) = 623*s**3 - s**2 + 2*s - 1. Is v(n) a prime number?
False
Let b be -13 + 10 + -4 + -2. Let v(h) = 8*h**2 - 13*h - 3. Let o be v(b). Suppose 31*a - 29*a = o. Is a a prime number?
False
Let w(f) be the third derivative of -5/8*f**4 - 3*f**2 + 0 - 8/3*f**3 + 0*f + 3/4*f**5. Is w(9) prime?
False
Let c = -107 - -1927. Suppose -2*r + 1832 = -h, r = -r - 5*h + c. Suppose 3*z = 3*l - r, -1529 = -5*l + z + 2*z. Is l a composite number?
False
Let t be (-582)/15 + 5/(-25). Let d be (-14)/(-70) - t/5. Suppose -300 = -d*k + 836. Is k a prime number?
False
Suppose 23*l = 26*l. Let f(v) = -3*v + 41. Let u be f(l). Let o = u - -213. Is o composite?
True
Let u(m) be the first derivative of m**4/2 - 14*m**3/3 + 9*m**2/2 + 6*m + 3. Is u(11) composite?
True
Let u = 410233 + -165536. Is u a prime number?
False
Let l be 225/10 - (-3)/(-6). Suppose 0 = -l*c + 26032 + 2986. Is c composite?
False
Is (3/7)/(32/(-28)) - 78639708/(-672) composite?
False
Let y(l) = 885*l + 3. Let t be 2 - ((-24)/3)/4. Is y(t) a composite number?
True
Let q(z) = -19*z**3 - 2*z**2 - 11*z + 9. Let a be q(-4). Suppose 3*h - 4*j - 933 = 0, -11*h + 7*h + a = -3*j. Is h composite?
False
Let c(b) = -13332*b - 60. Let i be c(-7). Suppose -4*z + 4*f + i = 0, f + 2856 - 26174 = -z. Is z a prime number?
False
Is ((-4009272)/10)/(-3) - 654/(-1090) prime?
False
Let c(q) = 1622*q**2 - 19*q - 216. Is c(-11) composite?
True
Let j = -490761 + 1109968. Is j prime?
True
Is (4186/(-4) - (-6)/12)/(6/(-4701)) a composite number?
True
Suppose 19*m - 8 = 21*m. Let v(t) = 326*t**2 - 16*t - 7. Is v(m) a composite number?
False
Is (-32)/368 - (-2483222)/46 a composite number?
True
Let s(h) = -24520*h - 2201. Is s(-19) composite?
False
Suppose 3*n - 8*n - 26 = -y, 0 = -2*n + 3*y. Let w(x) be the second derivative of -x**5/20 - x**4/6 + x**3/3 + 13*x**2/2 - x. Is w(n) prime?
False
Suppose -69*f + 29*f + 2428280 = 0. Is f a prime number?
False
Let w(l) = 7*l + 47. Let m be w(-6). Suppose 4*b + 5*h = 23328, -4*b + m*h + 23368 = -0*b. Is b prime?
False
Suppose 19*t = 5*s + 20*t - 69595, 0 = -5*t - 25. Suppose -a = k - 11548, -4*k = 3*a - 20723 - s. Is a prime?
True
Suppose 2*h - 5*r = -159, h + 2*h - 2*r = -244. Let k = h + 77. Is 11/1*236 + k a composite number?
False
Is (20/(-8) - -4)/((-3)/(-532854)*9) composite?
True
Suppose -i - 8315 = -2*k, -i + 6*i - 25 = 0. Suppose -10*q + 11690 + k = 0. Is q prime?
False
Suppose 999 - 319 = -10*v. Let i = 67 + v. Is (2164/(-8))/((-2)/(-4) + i) prime?
True
Let j = 13387 - 6807. Suppose -j = -8*f + 6628. Is f prime?
False
Let q(n) be the first derivative of 11*n**5/30 - 13*n**4/24 - 13*n**3/6 - n**2/2 - 17. Let z(j) be the second derivative of q(j). Is z(-10) a prime number?
False
Let z = 36732 - 62646. Is (-6)/(-9)*z/(-4) a prime number?
False
Let q(u) = 21*u - 40. Let h be q(-31). Let z = 4468 + h. Is z a prime number?
False
Let w = 43 + -40. Let k be 4/w*(-63)/(-14). Suppose 58 = -k*v + 2260. Is v composite?
False
Suppose -3*w + 139 = 2*l, -3*l + 4*w + 144 + 56 = 0. Let j = l + 389. Is j a composite number?
False
Let v = -666 + 670. Is v/((-16)/(-1748)) - (8 + -2) a prime number?
True
Suppose 50*q = 34*q + 798752. Suppose -20*n + q =